{"id":573,"date":"2022-10-25T13:41:51","date_gmt":"2022-10-25T13:41:51","guid":{"rendered":"http:\/\/degi.ubiobio.cl\/?post_type=team&#038;p=573"},"modified":"2022-12-20T01:44:14","modified_gmt":"2022-12-20T01:44:14","slug":"soledad-martinez-labrin","status":"publish","type":"team","link":"https:\/\/degi.ubiobio.cl\/index.php\/team\/soledad-martinez-labrin\/","title":{"rendered":"Soledad Mart\u00ednez Labr\u00edn"},"content":{"rendered":"\n<p>Soledad Mart\u00ednez Labr\u00edn es acad\u00e9mica asociada del Departamento de Ciencias Sociales de la Universidad del B\u00edo-B\u00edo. Es Doctora en Psicolog\u00eda, Master of Sciences in the Social Sciences en G\u00e9nero y Sociedad, &nbsp;y Psic\u00f3loga.<\/p>\n\n\n\n<p>Ha realizado estancias en la Universidad de Groningen, Holanda, en la Universidad de la Sapienza, Italia y estudios de especializaci\u00f3n en Psicolog\u00eda Social en la Universidad Aut\u00f3noma de Barcelona, Espa\u00f1a. Es investigadora alterna en el Centro de Estudios de \u00d1uble e Integrante del grupo de Investigaci\u00f3n en G\u00e9nero, Ciudadan\u00eda y Territorio de la UBB.<\/p>\n\n\n\n<p>Es autora y coautora de variados cap\u00edtulos de libro y art\u00edculos en revistas arbitradas e indexadas, y participado en numerosos eventos nacionales e internacionales como invitada. Ha presentado sus resultados de investigaci\u00f3n en diversas conferencias y congresos nacionales e internacionales. La Dra. Mart\u00ednez ha participado como revisora en revistas y conferencias cient\u00edficas nacionales e internacionales. Adem\u00e1s, ha realizado docencia de pre y postgrado en las \u00e1reas de Investigaci\u00f3n cualitativa, g\u00e9nero y Psicolog\u00eda Social, y dirigido tesis de pre y postgrado en las mismas \u00e1reas.<\/p>\n","protected":false},"featured_media":574,"parent":0,"template":"","tipo-academico":[5],"tipo-personal":[],"lineas":[14],"class_list":["post-573","team","type-team","status-publish","has-post-thumbnail","hentry","tipo-academico-colaboradores","lineas-analisis-economico-y-organizacional"],"_links":{"self":[{"href":"https:\/\/degi.ubiobio.cl\/index.php\/wp-json\/wp\/v2\/team\/573","targetHints":{"allow":["GET"]}}],"collection":[{"href":"https:\/\/degi.ubiobio.cl\/index.php\/wp-json\/wp\/v2\/team"}],"about":[{"href":"https:\/\/degi.ubiobio.cl\/index.php\/wp-json\/wp\/v2\/types\/team"}],"wp:featuredmedia":[{"embeddable":true,"href":"https:\/\/degi.ubiobio.cl\/index.php\/wp-json\/wp\/v2\/media\/574"}],"wp:attachment":[{"href":"https:\/\/degi.ubiobio.cl\/index.php\/wp-json\/wp\/v2\/media?parent=573"}],"wp:term":[{"taxonomy":"tipo-academico","embeddable":true,"href":"https:\/\/degi.ubiobio.cl\/index.php\/wp-json\/wp\/v2\/tipo-academico?post=573"},{"taxonomy":"tipo-personal","embeddable":true,"href":"https:\/\/degi.ubiobio.cl\/index.php\/wp-json\/wp\/v2\/tipo-personal?post=573"},{"taxonomy":"lineas","embeddable":true,"href":"https:\/\/degi.ubiobio.cl\/index.php\/wp-json\/wp\/v2\/lineas?post=573"}],"curies":[{"name":"wp","href":"https:\/\/api.w.org\/{rel}","templated":true}]}}

Soledad Martínez Labrín

<p>Soledad Martínez Labrín es académica asociada del Departamento de Ciencias Sociales de la Universidad del Bío-Bío. Es Doctora en Psicología, Master of Sciences in the Social Sciences en Género y Sociedad, &nbsp;y Psicóloga.</p>



<p>Ha realizado estancias en la Universidad de Groningen, Holanda, en la Universidad de la Sapienza, Italia y estudios de especialización en Psicología Social en la Universidad Autónoma de Barcelona, España. Es investigadora alterna en el Centro de Estudios de Ñuble e Integrante del grupo de Investigación en Género, Ciudadanía y Territorio de la UBB.</p>



<p>Es autora y coautora de variados capítulos de libro y artículos en revistas arbitradas e indexadas, y participado en numerosos eventos nacionales e internacionales como invitada. Ha presentado sus resultados de investigación en diversas conferencias y congresos nacionales e internacionales. La Dra. Martínez ha participado como revisora en revistas y conferencias científicas nacionales e internacionales. Además, ha realizado docencia de pre y postgrado en las áreas de Investigación cualitativa, género y Psicología Social, y dirigido tesis de pre y postgrado en las mismas áreas.</p>
