{"id":126,"date":"2021-06-13T02:37:40","date_gmt":"2021-06-13T02:37:40","guid":{"rendered":"https:\/\/desarrollo.serviciosinformaticos.cl\/degi\/?post_type=team&#038;p=126"},"modified":"2023-10-03T16:09:07","modified_gmt":"2023-10-03T16:09:07","slug":"sergio-contreras-espinoza","status":"publish","type":"team","link":"https:\/\/degi.ubiobio.cl\/index.php\/team\/sergio-contreras-espinoza\/","title":{"rendered":"Sergio Contreras Espinoza"},"content":{"rendered":"\n<p>Sergio Contreras es acad\u00e9mico de la Universidad del B\u00edo-B\u00edo en Concepci\u00f3n, Chile. Tiene m\u00e1s de 20 a\u00f1os de experiencia en la academia y especializado en Estad\u00edstica.&nbsp; Sus principales \u00e1reas de inter\u00e9s son Modelos de Series Temporales y Estad\u00edstica Aplicada. Ha dirigido tesis tanto para la Maestr\u00eda en Matem\u00e1tica Aplicada como en la carrera de Ingenier\u00eda Estad\u00edstica de la Universidad del B\u00edo-B\u00edo. Estudi\u00f3 Ingenier\u00eda Matem\u00e1tica y Maestr\u00eda en Estad\u00edstica en la Universidad de Concepci\u00f3n y obtuvo el grado de Doctor en M\u00e9todos de Apoyo a la Decisi\u00f3n en la Pontificia Universidad Cat\u00f3lica de Rio de Janeiro, Brasil. Ha participado en diversos grupos de investigaci\u00f3n multidisciplinares y publicado en revistas cient\u00edficas y congresos de la especialidad.&nbsp;<\/p>\n","protected":false},"featured_media":259,"parent":0,"template":"","tipo-academico":[4],"tipo-personal":[],"lineas":[14,15],"class_list":["post-126","team","type-team","status-publish","has-post-thumbnail","hentry","tipo-academico-claustro","lineas-analisis-economico-y-organizacional","lineas-ciencia-de-datos-y-gestion-de-la-informacion"],"_links":{"self":[{"href":"https:\/\/degi.ubiobio.cl\/index.php\/wp-json\/wp\/v2\/team\/126","targetHints":{"allow":["GET"]}}],"collection":[{"href":"https:\/\/degi.ubiobio.cl\/index.php\/wp-json\/wp\/v2\/team"}],"about":[{"href":"https:\/\/degi.ubiobio.cl\/index.php\/wp-json\/wp\/v2\/types\/team"}],"wp:featuredmedia":[{"embeddable":true,"href":"https:\/\/degi.ubiobio.cl\/index.php\/wp-json\/wp\/v2\/media\/259"}],"wp:attachment":[{"href":"https:\/\/degi.ubiobio.cl\/index.php\/wp-json\/wp\/v2\/media?parent=126"}],"wp:term":[{"taxonomy":"tipo-academico","embeddable":true,"href":"https:\/\/degi.ubiobio.cl\/index.php\/wp-json\/wp\/v2\/tipo-academico?post=126"},{"taxonomy":"tipo-personal","embeddable":true,"href":"https:\/\/degi.ubiobio.cl\/index.php\/wp-json\/wp\/v2\/tipo-personal?post=126"},{"taxonomy":"lineas","embeddable":true,"href":"https:\/\/degi.ubiobio.cl\/index.php\/wp-json\/wp\/v2\/lineas?post=126"}],"curies":[{"name":"wp","href":"https:\/\/api.w.org\/{rel}","templated":true}]}}

<p>Sergio Contreras es académico de la Universidad del Bío-Bío en Concepción, Chile. Tiene más de 20 años de experiencia en la academia y especializado en Estadística.&nbsp; Sus principales áreas de interés son Modelos de Series Temporales y Estadística Aplicada. Ha dirigido tesis tanto para la Maestría en Matemática Aplicada como en la carrera de Ingeniería Estadística de la Universidad del Bío-Bío. Estudió Ingeniería Matemática y Maestría en Estadística en la Universidad de Concepción y obtuvo el grado de Doctor en Métodos de Apoyo a la Decisión en la Pontificia Universidad Católica de Rio de Janeiro, Brasil. Ha participado en diversos grupos de investigación multidisciplinares y publicado en revistas científicas y congresos de la especialidad.&nbsp;</p>
