{"id":152,"date":"2021-06-13T04:16:41","date_gmt":"2021-06-13T04:16:41","guid":{"rendered":"https:\/\/desarrollo.serviciosinformaticos.cl\/degi\/?post_type=team&#038;p=152"},"modified":"2023-09-29T15:10:14","modified_gmt":"2023-09-29T15:10:14","slug":"pedro-campos-soto","status":"publish","type":"team","link":"http:\/\/degi.ubiobio.cl\/index.php\/team\/pedro-campos-soto\/","title":{"rendered":"Pedro Campos Soto"},"content":{"rendered":"\n<p>Pedro G. Campos es Profesor Asociado del Departamento de Sistemas de Informaci\u00f3n de la Facultad de Ciencias Empresariales de la Universidad del B\u00edo-B\u00edo, y forma parte del Grupo de Investigaci\u00f3n en Machine Learning y Computer Vision de la misma Universidad.<\/p>\n\n\n\n<p>El doctor Campos es Master y Doctor en Ingenier\u00eda Inform\u00e1tica y de Telecomunicaci\u00f3n por la Universidad Aut\u00f3noma de Madrid, Espa\u00f1a, y Mag\u00edster en Ingenier\u00eda de Software por la Universidad de Tarapac\u00e1, Chile, universidad en la que obtuvo adem\u00e1s el grado de Licenciado en Ciencias de la Ingenier\u00eda y el t\u00edtulo de Ingeniero Civil en Computaci\u00f3n e Inform\u00e1tica. Fue financiado por el programa Becas-Chile (Gobierno de Chile) para realizar estudios de doctorado en el extranjero, y por el programa Becas Iberoam\u00e9rica de J\u00f3venes Profesores e Investigadores (Banco Santander) para estad\u00eda de investigaci\u00f3n en la Universidad Aut\u00f3noma de Madrid, Espa\u00f1a.<\/p>\n\n\n\n<p>El doctor Campos ha colaborado en diversos proyectos de I+D y asistencia t\u00e9cnica. Sus intereses de investigaci\u00f3n actualmente se centran en el Aprendizaje Autom\u00e1tico, espec\u00edficamente en el \u00e1rea de Sistemas de Recomendaci\u00f3n, as\u00ed como en aplicaciones de Machine Learning\/Deep Learning y Optimizaci\u00f3n. Cuenta con diversas publicaciones en revistas indexadas WoS y conferencias relacionadas con sus \u00e1reas de inter\u00e9s.<\/p>\n\n\n\n<p>Actualmente es Coordinador de Investigaci\u00f3n y Postgrado de la Facultad de Ciencias Empresariales y miembro del Consejo de Investigaci\u00f3n y Postgrado de la Universidad del B\u00edo-B\u00edo. Ha sido invitado a dictar clases o charlas en Universidad de Porto, Portugal, Universidad Nacional de San Agust\u00edn, Per\u00fa, Universidad Andr\u00e9s Bello y Universidad de Tarapac\u00e1, Chile.<\/p>\n","protected":false},"featured_media":153,"parent":0,"template":"","tipo-academico":[5],"tipo-personal":[],"lineas":[14,15],"class_list":["post-152","team","type-team","status-publish","has-post-thumbnail","hentry","tipo-academico-colaboradores","lineas-analisis-economico-y-organizacional","lineas-ciencia-de-datos-y-gestion-de-la-informacion"],"_links":{"self":[{"href":"http:\/\/degi.ubiobio.cl\/index.php\/wp-json\/wp\/v2\/team\/152","targetHints":{"allow":["GET"]}}],"collection":[{"href":"http:\/\/degi.ubiobio.cl\/index.php\/wp-json\/wp\/v2\/team"}],"about":[{"href":"http:\/\/degi.ubiobio.cl\/index.php\/wp-json\/wp\/v2\/types\/team"}],"wp:featuredmedia":[{"embeddable":true,"href":"http:\/\/degi.ubiobio.cl\/index.php\/wp-json\/wp\/v2\/media\/153"}],"wp:attachment":[{"href":"http:\/\/degi.ubiobio.cl\/index.php\/wp-json\/wp\/v2\/media?parent=152"}],"wp:term":[{"taxonomy":"tipo-academico","embeddable":true,"href":"http:\/\/degi.ubiobio.cl\/index.php\/wp-json\/wp\/v2\/tipo-academico?post=152"},{"taxonomy":"tipo-personal","embeddable":true,"href":"http:\/\/degi.ubiobio.cl\/index.php\/wp-json\/wp\/v2\/tipo-personal?post=152"},{"taxonomy":"lineas","embeddable":true,"href":"http:\/\/degi.ubiobio.cl\/index.php\/wp-json\/wp\/v2\/lineas?post=152"}],"curies":[{"name":"wp","href":"https:\/\/api.w.org\/{rel}","templated":true}]}}

<p>Pedro G. Campos es Profesor Asociado del Departamento de Sistemas de Información de la Facultad de Ciencias Empresariales de la Universidad del Bío-Bío, y forma parte del Grupo de Investigación en Machine Learning y Computer Vision de la misma Universidad.</p>



<p>El doctor Campos es Master y Doctor en Ingeniería Informática y de Telecomunicación por la Universidad Autónoma de Madrid, España, y Magíster en Ingeniería de Software por la Universidad de Tarapacá, Chile, universidad en la que obtuvo además el grado de Licenciado en Ciencias de la Ingeniería y el título de Ingeniero Civil en Computación e Informática. Fue financiado por el programa Becas-Chile (Gobierno de Chile) para realizar estudios de doctorado en el extranjero, y por el programa Becas Iberoamérica de Jóvenes Profesores e Investigadores (Banco Santander) para estadía de investigación en la Universidad Autónoma de Madrid, España.</p>



<p>El doctor Campos ha colaborado en diversos proyectos de I+D y asistencia técnica. Sus intereses de investigación actualmente se centran en el Aprendizaje Automático, específicamente en el área de Sistemas de Recomendación, así como en aplicaciones de Machine Learning/Deep Learning y Optimización. Cuenta con diversas publicaciones en revistas indexadas WoS y conferencias relacionadas con sus áreas de interés.</p>



<p>Actualmente es Coordinador de Investigación y Postgrado de la Facultad de Ciencias Empresariales y miembro del Consejo de Investigación y Postgrado de la Universidad del Bío-Bío. Ha sido invitado a dictar clases o charlas en Universidad de Porto, Portugal, Universidad Nacional de San Agustín, Perú, Universidad Andrés Bello y Universidad de Tarapacá, Chile.</p>
